d thousands digit of 856241117?
2
What is the millions digit of 67925262?
7
What is the hundreds digit of 162741110?
1
What is the hundreds digit of 5368958?
9
What is the millions digit of 193447271?
3
What is the ten thousands digit of 418459539?
5
What is the hundreds digit of 21778596?
5
What is the ten millions digit of 161823889?
6
What is the hundred millions digit of 1378060879?
3
What is the thousands digit of 4668733?
8
What is the hundred millions digit of 2973760031?
9
What is the units digit of 484058382?
2
What is the thousands digit of 41848609?
8
What is the ten millions digit of 32759641?
3
What is the tens digit of 16565020?
2
What is the ten thousands digit of 791013371?
1
What is the tens digit of 2356548556?
5
What is the hundreds digit of 411137411?
4
What is the tens digit of 6135152?
5
What is the ten thousands digit of 1098311889?
1
What is the billions digit of 2026873015?
2
What is the ten millions digit of 1197743910?
9
What is the tens digit of 5318385213?
1
What is the hundreds digit of 3830508123?
1
What is the hundreds digit of 4481563550?
5
What is the billions digit of 2282017593?
2
What is the millions digit of 156066207?
6
What is the hundreds digit of 29531527?
5
What is the millions digit of 5363738257?
3
What is the ten millions digit of 170261625?
7
What is the ten thousands digit of 99065252?
6
What is the ten millions digit of 284289198?
8
What is the units digit of 50264836?
6
What is the billions digit of 4222503137?
4
What is the ten thousands digit of 736672496?
7
What is the hundred millions digit of 127153515?
1
What is the thousands digit of 435876164?
6
What is the hundreds digit of 514173196?
1
What is the ten thousands digit of 2389577538?
7
What is the millions digit of 34679914?
4
What is the tens digit of 21287351?
5
What is the hundred millions digit of 1397641043?
3
What is the ten thousands digit of 265539410?
3
What is the ten thousands digit of 333937435?
3
What is the hundred millions digit of 667591056?
6
What is the hundred thousands digit of 34614264?
6
What is the millions digit of 279682271?
9
What is the hundreds digit of 159984484?
4
What is the units digit of 121128052?
2
What is the thousands digit of 31278244?
8
What is the hundreds digit of 42458487?
4
What is the ten millions digit of 205386645?
0
What is the hundreds digit of 821446686?
6
What is the billions digit of 4164244477?
4
What is the billions digit of 1128562957?
1
What is the ten thousands digit of 81142719?
4
What is the millions digit of 4515262904?
5
What is the billions digit of 1666194231?
1
What is the thousands digit of 652716039?
6
What is the tens digit of 102631029?
2
What is the units digit of 48822561?
1
What is the tens digit of 85955999?
9
What is the millions digit of 2172329?
2
What is the hundred thousands digit of 69968843?
9
What is the hundred thousands digit of 520534188?
5
What is the units digit of 3220078662?
2
What is the tens digit of 76532521?
2
What is the units digit of 2393956881?
1
What is the millions digit of 84088553?
4
What is the hundred thousands digit of 10504776?
5
What is the hundred millions digit of 220760532?
2
What is the millions digit of 1948421577?
8
What is the thousands digit of 328125582?
5
What is the thousands digit of 620877779?
7
What is the units digit of 32753469?
9
What is the hundreds digit of 37153888?
8
What is the billions digit of 2530433928?
2
What is the ten millions digit of 400697881?
0
What is the millions digit of 584066308?
4
What is the ten thousands digit of 199298833?
9
What is the tens digit of 2894472013?
1
What is the millions digit of 1986917787?
6
What is the units digit of 3737309373?
3
What is the units digit of 1539352?
2
What is the tens digit of 98110363?
6
What is the ten thousands digit of 122456385?
5
What is the ten millions digit of 45932711?
4
What is the tens digit of 1645600237?
3
What is the units digit of 291577090?
0
What is the units digit of 4246252102?
2
What is the ten millions digit of 410697311?
1
What is the units digit of 140367979?
9
What is the hundred thousands digit of 2246826154?
8
What is the hundreds digit of 71652804?
8
What is the ten thousands digit of 110093949?
9
What is the millions digit of 2690155201?
0
What is the millions digit of 674015625?
4
What is the hundred thousands digit of 46077959?
0
What is the ten millions digit of 4089779867?
8
What is the hundred millions digit of 839744259?
8
What is the units digit of 24897382?
2
What is the millions digit of 427037999?
7
What is the thousands digit of 4061678000?
8
What is the ten thousands digit of 38929282?
2
What is the hundred thousands digit of 51905077?
9
What is the thousands digit of 22107829?
7
What is the hundreds digit of 1440309098?
0
What is the hundred thousands digit of 1574219723?
2
What is the hundred millions digit of 238743603?
2
What is the hundreds digit of 233531925?
9
What is the units digit of 163588767?
7
What is the units digit of 41160980?
0
What is the tens digit of 128596262?
6
What is the units digit of 29380126?
6
What is the hundred thousands digit of 363535383?
5
What is the thousands digit of 3060678226?
8
What is the hundred millions digit of 602367549?
6
What is the hundreds digit of 73864818?
8
What is the hundreds digit of 44347373?
3
What is the ten millions digit of 172796378?
7
What is the hundreds digit of 9521743?
7
What is the hundred thousands digit of 1145308084?
3
What is the hundreds digit of 166879126?
1
What is the hundreds digit of 54862312?
3
What is the tens digit of 22799046?
4
What is the ten thousands digit of 2622155837?
5
What is the hundreds digit of 3705886490?
4
What is the hundreds digit of 18725763?
7
What is the units digit of 3139606398?
8
What is the units digit of 143651570?
0
What is the hundred millions digit of 115945461?
1
What is the hundred millions digit of 1148512598?
1
What is the thousands digit of 455808267?
8
What is the hundred millions digit of 635007223?
6
What is the tens digit of 807023234?
3
What is the hundred thousands digit of 1735970897?
9
What is the millions digit of 75542623?
5
What is the hundred thousands digit of 137753230?
7
What is the hundreds digit of 23182010?
0
What is the ten millions digit of 1904802892?
0
What is the hundred thousands digit of 215147446?
1
What is the thousands digit of 1153884258?
4
What is the units digit of 18421658?
8
What is the thousands digit of 57304208?
4
What is the units digit of 71477428?
8
What is the millions digit of 365645930?
5
What is the hundred thousands digit of 122526908?
5
What is the tens digit of 91215253?
5
What is the hundreds digit of 164694619?
6
What is the ten thousands digit of 70168110?
6
What is the hundred millions digit of 3536417318?
5
What is the tens digit of 405449464?
6
What is the ten thousands digit of 265644585?
4
What is the ten millions digit of 94010254?
9
What is the units digit of 77478136?
6
What is the hundred millions digit of 150654886?
1
What is the thousands digit of 189122018?
2
What is the ten millions digit of 68487541?
6
What is the hundreds digit of 339608435?
4
What is the thousands digit of 124001563?
1
What is the thousands digit of 111023760?
3
What is the tens digit of 94666592?
9
What is the hundred thousands digit of 835655669?
6
What is the units digit of 6694326701?
1
What is the hundred millions digit of 4316647080?
3
What is the tens digit of 18728966?
6
What is the hundred thousands digit of 451916431?
9
What is the hundred thousands digit of 187024847?
0
What is the ten millions digit of 133126380?
3
What is the hundred thousands digit of 16361226?
3
What is the tens digit of 4892311323?
2
What is the hundreds digit of 41362739?
7
What is the hundreds digit of 1703098182?
1
What is the millions digit of 91661600?
1
What is the tens digit of 279236762?
6
What is the millions digit of 3729293?
3
What is the ten thousands digit of 156361123?
6
What is the ten thousands digit of 20819899?
1
What is the thousands digit of 1494927936?
7
What is the hundred thousands digit of 773866638?
8
What is the tens digit of 599318788?
8
What is the units digit of 501918329?
9
What is the billions digit of 1739307928?
1
What is the tens digit of 2839523658?
5
What is